ulate the highest common factor of r and v.
13
Suppose -2*f = -r + 26, -4*r = 2*f - 0*f - 54. Let i = r - 10. Suppose -30 = 2*k - 7*k. What is the greatest common factor of i and k?
6
Suppose -3*w = v + 4*v - 283, 0 = -3*w - 3*v + 285. Suppose 5*n + 2*l = 26 + 87, -4*n + 4*l + w = 0. What is the greatest common divisor of n and 184?
23
Let h(t) = -t**2 - 8*t - 6. Let a be h(-7). Let f be (-2 - 4/12)*6/(-2). Calculate the highest common divisor of a and f.
1
Let a be -3*(-27)/(-6)*-2. What is the greatest common factor of a and 297?
27
Let u(s) = -s**2 - 9*s + 2. Let n be u(-9). Let b be (-17)/2 - n/(-4). Let r be ((-6)/b)/((-3)/(-12)). Calculate the highest common factor of r and 33.
3
Let u be 28/((-10)/(-245)*7). Calculate the highest common divisor of 49 and u.
49
Let o(z) = -6*z + 6. Let t be o(-15). What is the highest common divisor of 12 and t?
12
Suppose -4*w = 3*i - 54, 3*w + 0 = -5*i + 46. Calculate the highest common divisor of w and 60.
12
Let s be (-2)/6 - 5008/(-48). Calculate the highest common divisor of 13 and s.
13
Let f = 22 - 17. Suppose f*x - 8*x + 351 = 0. Calculate the highest common divisor of x and 13.
13
Let m be (-2*90/(-4))/((-54)/(-144)). What is the highest common divisor of 48 and m?
24
Suppose -2*l = -4*l + 60. Calculate the greatest common divisor of 30 and l.
30
Suppose 1 = -2*d + 51. Let w = 12 + 63. What is the highest common divisor of w and d?
25
Suppose -d + 12 + 21 = 5*u, 0 = -2*d - 5*u + 41. Suppose 4*m = 4*l + 2*m - 66, 13 = l + 3*m. Calculate the greatest common factor of d and l.
8
Suppose 5*y = q + 40, -y + 4*q + 8 = -0*y. Let h be 5/4 - 2/y. Let w = h - 0. What is the highest common factor of w and 5?
1
Let p = -92 - -157. What is the highest common divisor of p and 26?
13
Let d be (-2)/(-4) + (-81)/(-6). What is the highest common divisor of d and 7?
7
Suppose -q = 3*q - 8. Suppose 0 = -q*m + m - s + 1, -5*m + 2*s + 40 = 0. Calculate the highest common factor of 4 and m.
2
Suppose -3*t = -2 + 5. Let p(q) = -7*q**3 - q**2 - q - 1. Let w be p(t). Let y be (-3)/2*(-27 - 1). What is the greatest common factor of y and w?
6
Let p be (6 - -2 - 2)*-1. Let r be p/2*10/(-15). Suppose -3*g = r*c - 32, -g + 4 = -0*g. Calculate the greatest common factor of c and 10.
10
Let g = -117 - -197. Suppose -76 = -5*r - 6*p + 2*p, 0 = -5*r - 5*p + g. Calculate the highest common divisor of r and 48.
12
Suppose 5*f + 14 = 6*f. Calculate the greatest common factor of 84 and f.
14
Suppose -3 = i - 2*y, 3*i - 2*y = i + 2. Suppose -150 = 7*o - 13*o. What is the highest common divisor of i and o?
5
Suppose 2*f + 2*f - 4 = 0. What is the greatest common divisor of f and 4?
1
Let i be 86/5 + (-1)/5. Let z = i - 8. Calculate the greatest common factor of z and 45.
9
Let h be (-1540)/(-180) - (-8)/18. Calculate the greatest common factor of 1 and h.
1
Suppose 6 = 2*r, -3*q - r + 3*r + 9 = 0. Suppose 2*i = q*i - 15. What is the greatest common divisor of i and 2?
1
Let m be 2/(-6) - 3/(-9). Suppose 0 = -m*k + 5*k, 2*u - 10 = 4*k. Let o be (0 - (-3 + 1)) + -1. Calculate the highest common divisor of u and o.
1
Let a be ((-6)/(-9))/(46/42 - 1). Calculate the highest common factor of 77 and a.
7
Suppose -5*d = 3*r - 2*d - 42, 3*d = r + 2. Let v = -257 - -438. Suppose v = 4*o - 259. Calculate the greatest common divisor of o and r.
10
Suppose 0 = -0*a + 6*a - 132. Calculate the highest common divisor of 33 and a.
11
Let h be 1/(-3)*-6 + 65 - -4. Calculate the highest common factor of h and 71.
71
Suppose t + 5 = 2, 0 = -5*i + t + 73. Let g = -177 - -261. Calculate the greatest common divisor of g and i.
14
Suppose -m - 1 = -7. Suppose -3*a = -0*a - 12. Let f be ((-9)/4)/((-1)/a). What is the greatest common factor of f and m?
3
Let s(v) = 13*v - 3. Let k be s(1). What is the highest common divisor of 30 and k?
10
Let c be 2/(3/(-3) - 1). Suppose 5*k - 6*f + 15 = -f, 0 = -k - 3*f + 5. Let t be (-1)/c*(17 - k). What is the greatest common divisor of 18 and t?
18
Let r = 0 + -2. Let m(a) = a**3 + 2*a**2 - 2*a - 1. Let n be m(r). Suppose n*i - 146 = 2*w, 2*w + 35 = i - 15. What is the highest common factor of 6 and i?
6
Let x be -1 - (-18)/2*(-1 - -3). What is the greatest common divisor of x and 17?
17
Let c = 4 + -8. Let h be (-2)/c + (-63)/(-6). Calculate the highest common divisor of h and 1.
1
Suppose 0 = -u + 19 + 30. Let m = 14 + -16. Let t be (-1)/((m/14)/1). What is the greatest common divisor of t and u?
7
Suppose -g + 3*g - 4 = 0. Suppose -n - 5 = -2*v - 0, g*n - 20 = -2*v. What is the highest common divisor of 40 and n?
5
Let y(k) = -6*k - 4. Let r be y(-4). Let w be (-100)/(-15)*9/6. What is the greatest common factor of w and r?
10
Suppose 13*g = 8*g + 495. Let o be 6/3 + (-7)/(-1). Calculate the greatest common factor of o and g.
9
Let t = 287 + -183. Calculate the greatest common divisor of t and 26.
26
Suppose -62 - 246 = -2*f. What is the greatest common factor of 11 and f?
11
Let u be 1 + 2/3*1194. Suppose -3*s - 6*o + u = -o, -3*s - 4*o = -796. Suppose -s = p - 4*p. Calculate the greatest common divisor of p and 11.
11
Suppose 345 = 2*l + 3*l. Let m = l + -24. Calculate the highest common divisor of m and 5.
5
Let c be ((3/(-6))/1)/(1/(-38)). Calculate the highest common factor of 209 and c.
19
Suppose -b + 4*b - 114 = -3*q, -4 = 4*b. What is the highest common divisor of q and 13?
13
Let i(l) = 4*l + 1. Let x(v) = v**2 - 9*v + 4. Let y be x(8). Let f be i(y). Let u be (-6)/f - (-138)/5. Calculate the highest common divisor of u and 42.
14
Let a(q) = 2*q**2 + 5*q + 17. Let o be a(6). Let p be (-1)/(((-2)/(-34))/(-1)). Calculate the greatest common factor of p and o.
17
Suppose -4*j - 6 - 2 = 0, 4*t - 224 = 2*j. What is the highest common divisor of t and 22?
11
Let u be 219/(-13) + 4/(-26). Let k be u/2*(-32 + 14). Let a be 3/(-3) - -1*18. Calculate the highest common factor of k and a.
17
Let g = 18 + -2. What is the greatest common factor of 16 and g?
16
Let f(p) = 2*p**2 + 2*p - 2. Let j be f(-2). Let b be j/(-7) + 10/35. Suppose b = 7*v - 11*v + 72. What is the greatest common divisor of 18 and v?
18
Suppose -3*d + 4*q + 6 = 0, 5*d - 11 = 3*d + 5*q. Let c be 2*13 + 1*d. What is the greatest common factor of c and 36?
12
Let y(k) = k**2 - k + 9. Let g be y(0). Let f(x) = -x**2 + 7*x - 7. Let j be f(5). Calculate the highest common factor of j and g.
3
Let v be (-1)/(-3) - 1436/(-12). Calculate the greatest common factor of 15 and v.
15
Let a be (-4)/(-6) - 48/(-9). Let q = a - 1. What is the highest common factor of 5 and q?
5
Suppose -i = -2*i + 29. Let w = i + -19. Suppose 2*k + 2 = 3*k. What is the highest common factor of w and k?
2
Suppose -2*g = -5 - 5. What is the highest common factor of 3 and g?
1
Let y be (2/2)/((-1)/(-9)). What is the greatest common factor of 1 and y?
1
Let k be 8 - (1/1 - 2). Let t(h) = h**3 + 10*h**2 + 7*h - 3. Let g be t(-6). What is the greatest common divisor of g and k?
9
Suppose 0 = 2*z + 23 - 85. Suppose -4*n = 2*r - n - z, -r + 17 = 2*n. Suppose 61 = 3*o - 5. Calculate the highest common divisor of r and o.
11
Suppose -4*o - 347 = 317. Let h = 364 + o. Calculate the highest common factor of 18 and h.
18
Suppose d + 3*d - 24 = 0. Suppose 5*u + 4*p = -7, -5*p - 17 = -2*u - 0*u. Let q be u - 4/1 - -15. Calculate the highest common factor of q and d.
6
Let j be (-15)/(-60) - 51/(-4). Calculate the greatest common divisor of j and 117.
13
Let c = -19 + 5. Let r = c + 20. Let k be -9*1/(-3)*10. Calculate the highest common divisor of r and k.
6
Suppose -3*z + 3*d = -246, -7*d - 8 = -3*d. Calculate the greatest common divisor of z and 16.
16
Let g = 10 + 32. Calculate the greatest common factor of 28 and g.
14
Let c = 2 - -34. Let z = 1 + -1. Suppose -4*l + 0*l = 4*n - 76, 5*n - l - 125 = z. What is the highest common divisor of n and c?
12
Let v = 12 + -8. Suppose v*t + 4*c = 352, 3*t + c = 3*c + 274. Calculate the highest common divisor of 18 and t.
18
Let q(u) = u**3 - u**2 + u + 3. Let d be q(0). Let y = d - 3. Let f be y - (3*-1 - -2). What is the greatest common factor of f and 1?
1
Let s be 3 + 0 + -1 + 2. Suppose 7*q - 2*q = -3*f + 81, -q + s*f + 7 = 0. What is the highest common factor of q and 10?
5
Let a be (0/(3/3))/(-1). Suppose 3*g - g - 324 = a. Let p = 46 + -28. 